 t = 20303 - 8740. What are the prime factors of t?
31, 373
Let j be 0/((0 - 4)/(-2)). Suppose -2*i + 4*o - 2 = 0, 3*i - 9*o + 5*o = 7. Suppose -i*b + 937 + 971 = j. List the prime factors of b.
2, 53
Suppose 1146924 = 94*l - 541034. List the prime factors of l.
17957
Let l(q) = -25*q**2 + 15*q - 2. Let n(i) = -50*i**2 + 31*i - 5. Let m(p) = -9*l(p) + 4*n(p). What are the prime factors of m(-4)?
2, 13, 17
Let n = 2 - 3. Let d be 5*(n - 0)*1. List the prime factors of (-1)/d - (-702)/15.
47
Let b(c) = -c**2 - 9*c - 15. Let h be b(-6). Suppose 0 = f + 4*x - h*x - 7, -2*f = -5*x - 14. Suppose 0 = 5*t - 68 - f. List the prime factors of t.
3, 5
Let w(x) = -40*x - 26. Suppose 0 = 13*q - 403 + 1638. Let h = q - -90. List the prime factors of w(h).
2, 3, 29
List the prime factors of 4 + -12 + 3 + (3 - -8044).
2, 4021
Let l be (0 + 1)/((-10)/(-900)). Suppose -l + 70 = -4*h. Suppose -h*q = -739 + 149. List the prime factors of q.
2, 59
Suppose 2 - 18 = -8*a. Suppose -a*k = -54 - 42. What are the prime factors of k?
2, 3
Suppose -73*r = 59*r - 1826748. What are the prime factors of r?
3, 7, 659
List the prime factors of (-45)/(-3) - (24 - 16) - -87039.
2, 71, 613
Let u be 7950/20*(-32)/(-10). Suppose 3*v + 4*j - 923 = 0, -5*j - u = -3*v - v. Let c = -168 + v. What are the prime factors of c?
5, 29
Let z(a) = -145*a - 9. Let f be z(-6). Let k = f + -235. What are the prime factors of k?
2, 313
Suppose -28*w + 503608 = 365600 - 551352. What are the prime factors of w?
2, 5, 1231
Suppose 0 = 5*h + 5*w - 3345, -10*h = -12*h + 3*w + 1313. Let u = 295 + h. What are the prime factors of u?
7, 137
Let g(z) = z - 3. Let f be g(5). Suppose -4*s = 0, 3*x + 2*s + 64 + 53 = 0. List the prime factors of (x + f + -1)*-1.
2, 19
What are the prime factors of (34587/(-61))/((-1)/13)?
3, 7, 13
Let a = -9228 + 39595. List the prime factors of a.
30367
Suppose 0 = -3*d - 4*y + 7628, 2*d - 7652 = -d + 2*y. Suppose 2*u = 4*q - d, 0 = -2*q + q - 5. What are the prime factors of (9/(-3))/(18/u)?
2, 107
Suppose -3*k + 10*x = 6*x - 3318, -3*k - x = -3348. List the prime factors of k.
2, 557
What are the prime factors of 3/1*((21718/6 - 2) + 10)?
10883
Let d be 64/48*(-6)/(-4). Suppose d*y - 30 = -3*y. Suppose -g + y*g - 365 = 0. What are the prime factors of g?
73
Let k = 6969 + 43505. What are the prime factors of k?
2, 25237
Suppose 4*p = 5*q + 64, -q + 4 = -10*p + 5*p. Let w(g) = -9*g - 21. What are the prime factors of w(q)?
3, 41
Let x(b) = -26*b**2 - 8*b + 15. Let f(o) = -27*o**2 - 9*o + 16. Let l(c) = 3*f(c) - 4*x(c). What are the prime factors of l(4)?
2, 47
Let y(k) = 224*k - 114 + 18*k - 32 - 81 - 53*k. List the prime factors of y(6).
907
Let m = 354 - 166. Let q = 403 - m. What are the prime factors of q?
5, 43
Let f(r) = -r**3 + 34*r**2 + 400*r - 88. What are the prime factors of f(40)?
2, 3, 263
Suppose -2*m + 4 = -4*g + 2, -4 = -2*g. Let s be (-6)/30*-17 - (-3)/m. List the prime factors of (-956)/(-10) + ((-68)/(-20) - s).
5, 19
Let k(s) = 2*s**2 + 13*s + 12. Let g(x) = -3*x**2 - 12*x - 12. Let u(m) = -4*g(m) - 5*k(m). What are the prime factors of u(16)?
2, 3, 19
Let t(q) = 2*q + 6. Let c be t(-6). Let a = c - -2. List the prime factors of -1 + (a + 2 - -140).
137
List the prime factors of 296/259 - 187178/(-14).
3, 4457
Suppose 128*a - 4119392 = -56*a. List the prime factors of a.
2, 29, 193
Let g be -2*(-3)/6 - -2. Suppose 667 = 2*p + 4*z - z, p + g*z = 329. Suppose -p = -5*v + 152. List the prime factors of v.
2, 7
Let o = -2000 + 2121. List the prime factors of o.
11
Let j be 2/((-1)/(6/(-4))). Suppose 3*c = -2*h + 11, -19 = -j*h - 2*h + c. List the prime factors of (5 - 81)*(-3)/h.
3, 19
List the prime factors of (-18)/(-189) - (-31288303)/1281.
5, 977
Let p(i) = -397*i + 11. Let s be p(-4). Suppose 3*q - f = 2922, 5*f + s = -5*q + 6469. What are the prime factors of q?
2, 487
Suppose 5*a - 5*r + 5 = -0, -2 = 5*a - 4*r. Suppose 3*z - 1799 = -a*w, 7*w = 3*w + 3*z + 3625. Suppose -4*v + w = 8. What are the prime factors of v?
2, 7
Suppose 2 - 8 = -2*h, -2*t - 4*h = -4. Let v be (-8)/(-4)*t/8. What are the prime factors of 85 - (-1 - (v - -3))?
2, 11
Let h(x) = x - 3. Let j be h(-4). List the prime factors of (237 - j) + (-2 - -1).
3
Suppose 0 = 3*n - 3*s - 203073, -70*n - s = -54*n - 1083056. List the prime factors of n.
13, 41, 127
Suppose -19*n = 33 + 24. What are the prime factors of n*((-237)/9 - -1)?
2, 19
Let n be (2 + -6)*(-6 - (-180)/8). What are the prime factors of (-23386)/n - 2/(-3)?
5, 71
Let o be -19 + 18 + 12/3. Suppose 4*g = -3*z + 6389, -o*g = -g - 3*z - 3217. What are the prime factors of g?
1601
Suppose 10 + 0 = r. Let b(h) = 7*h**2 - 10*h - 21. Let a be b(-2). Suppose r*y - a = 7*y. What are the prime factors of y?
3
Let d be (-1)/((-1)/(-1))*(-2676)/(-12). What are the prime factors of (d/(-4))/(7/28)?
223
Suppose -3*j - 24580 = -2*s, -80723 = -5*s + 5*j - 19258. List the prime factors of s.
7, 251
List the prime factors of (-1)/(4/(-186504 - -12)).
3, 15541
Let i(j) = 9*j**3 + 7*j**2 - 7*j - 33. Let n(l) = -9*l**3 - 8*l**2 + 7*l + 34. Let g(d) = -3*i(d) - 2*n(d). List the prime factors of g(-3).
2, 13
Let t(b) = 3*b**3 + 8*b**2 - 70*b + 511. List the prime factors of t(13).
2, 23, 41
Suppose 4 = 4*i - 4*l, 0 = 4*i - 0*l + l + 1. Suppose i = -36*r + 51*r - 22425. List the prime factors of r.
5, 13, 23
Let s(o) = -161*o - 8. Let m(v) = -7*v - 77. Let g be m(-11). Suppose -t = -3*k - g*t, -3*k - 6 = t. What are the prime factors of s(k)?
3, 17
Suppose -37*w + 1167349 = 301697. What are the prime factors of w?
2, 5849
Let a(n) = 587*n + 7171. List the prime factors of a(16).
3, 5521
Let v be (184/5)/((-1410)/(-175) + -8). Suppose -3*q = -q - v. What are the prime factors of q?
2, 7, 23
Let x be 144900/198 + (-8)/(-44). Suppose 4*p - k + 972 = 3879, -p - 5*k + x = 0. List the prime factors of p.
727
Let d(j) = 18*j**2 - 6*j + 111. Let k be d(23). What are the prime factors of 12/(-15)*(-8)/(48/k)?
2, 3, 211
Let q = -141 - -144. Let c(f) = 47*f**2 - 10*f + 5. List the prime factors of c(q).
2, 199
Suppose 2256 = -73*p + 75*p. Suppose 0 = -4*j + 5*n + 1199 + 305, 4*n = 3*j - p. List the prime factors of j.
2, 47
What are the prime factors of 30/60 - 12177/(-14) - (-8)/(-28)?
2, 3, 5, 29
Let v(z) = -z**2 - 61*z + 2 + 2*z + 20*z + 22*z. What are the prime factors of v(-9)?
2, 37
Let q be (2*66/16)/((-2)/(-8)). Suppose 35*o - q*o = 850. List the prime factors of o.
5, 17
Let p(n) be the first derivative of n**3 + 8*n**2 + 37*n - 36. List the prime factors of p(-11).
2, 7
Suppose -2*c = 4*k - 8424, 5*c + 2*k - 18842 = 2250. List the prime factors of c.
2, 5, 211
Suppose 0 = 21*l + 1 + 62. What are the prime factors of (-2673)/(-12) + (-1 - l/12)?
2, 3, 37
Suppose 40 = -5*m, m + 22300 = 5*r - 131113. List the prime factors of r.
3, 7, 487
Let j(g) = 458*g**3 - 159*g**2 + 11. List the prime factors of j(4).
61, 439
Let c(z) = 31*z**2 - z - 21*z**3 + 7 - 3*z + 22*z**3. What are the prime factors of c(-31)?
131
Let f(x) = x**2 + 24*x - 56. Let s be f(-26). What are the prime factors of (722 - -4) + s + -4?
2, 359
Let x(q) = -q - 6. Let j be x(-10). Let o = 529 + -527. Suppose -j*d + 316 = -4*r, 3*r + 148 = o*d - r. List the prime factors of d.
2, 3, 7
Let v = -55 + 65. Let y be 75/v*(-32)/(-20). List the prime factors of (0 - 0 - -12)*(-9 + y).
2, 3
Let i(p) = 477*p**2 - 79*p - 287. What are the prime factors of i(-4)?
47, 163
Let x be (-36)/(-48) - 13/(-4). Suppose x*q - 3*n - 405 = q, -3*n = 3. Suppose -o + 4*o + h - 338 = 0, 0 = -o + 5*h + q. List the prime factors of o.
2, 3, 19
Suppose -3*x - 5*y + 16619 = 0, 0*x + y = 4*x - 22128. What are the prime factors of x?
11, 503
Let s be ((-24)/5)/((-15)/200). Let r = -46 + s. Suppose -5*u + 13 = -f - 2, -2*u - 2*f + r = 0. What are the prime factors of u?
2
Let h(p) = -329*p + 5642. What are the prime factors of h(-101)?
3, 7, 617
Let t = -259 - -261. Suppose t*k + 4*k = 1554. List the prime factors of k.
7, 37
Let m(f) = 51*f**2 + 2*f. Let q be m(6). Suppose 14*i - 8*i - q = 0. Suppose 3*l - 7*l = -i. List the prime factors of l.
7, 11
Let y(m) be the first derivative of -m**3/3 - 14*m**2 - 25*m - 1. Suppose -262 = 30*f + 68. List the prime factors of y(f).
2, 3
Suppose -y - 2*z + 62323 + 5330 = 0, -